
-14
Let y(f) = -167194*f - 1839103. Give y(-11).
31
Let t(p) = -3*p**3 - 1439*p**2 + 16202*p - 112. What is t(11)?
-2
Let c(d) = -254*d - 519. Determine c(-1).
-265
Let i(j) = 36*j**3 + 183*j**2 - 233*j - 1240. What is i(-5)?
0
Let r(w) = -w**3 - 129*w**2 - 902*w + 7977. Give r(-121).
-9
Let l(h) = -3*h**2 - 102*h + 114347. Determine l(-213).
-34
Let x(w) = 2*w**3 - 1303*w**2 + 6334*w + 648. Give x(5).
-7
Let a(k) = -k**3 - 106*k**2 - 780*k + 448. What is a(-98)?
56
Let n(k) = -k**3 + 42*k**2 + 1159*k + 241. Give n(61).
241
Let y(i) = 667*i - 59150. What is y(79)?
-6457
Let j(y) = -3*y**2 - 2437*y - 213731. Calculate j(-100).
-31
Let y(x) = -4*x**2 + 43*x + 1192. What is y(23)?
65
Let h(t) = 4*t**3 - 138*t**2 + 348*t - 953. Give h(32).
-57
Let k(a) = 6*a**2 + 1688*a - 22225. Calculate k(-294).
119
Let j(o) = -19*o**2 + 4789*o + 9456. Give j(254).
58
Let y(u) = 2*u**3 - 429*u**2 - 212*u + 886. Give y(215).
1531
Let b(f) = 36*f - 2055. Determine b(61).
141
Let u(c) = 137*c**2 - 139*c + 407. Give u(3).
1223
Let s(y) = -7*y**3 + 660*y**2 - 187*y - 44. Determine s(94).
50
Let o(w) = 12780*w - 1009472. Give o(79).
148
Let l(z) = z**3 + 85*z**2 - 187*z - 465. Calculate l(-87).
666
Let s(k) = 5224*k + 31239. What is s(-6)?
-105
Let t(v) = -v**2 - 797*v - 116567. Determine t(-193).
5
Let g(a) = 36*a**2 - 15508*a + 482758. Calculate g(397).
6
Let g(k) = -k**3 - 33*k**2 - 521*k - 7. What is g(0)?
-7
Let t(o) = -o**3 + 40*o**2 - 386*o + 973. Determine t(9).
10
Let m(t) = -168*t - 2156. Determine m(-17).
700
Let k(w) = 15040*w + 1729611. Calculate k(-115).
11
Let l(t) = -6*t**2 - 2264*t + 9147. What is l(4)?
-5
Let y(r) = -2950*r - 1191746. Give y(-404).
54
Let j(s) = 822*s - 8422. What is j(10)?
-202
Let v(f) = 66*f - 284. What is v(7)?
178
Let b(s) = 9*s**3 - 120*s**2 + 184*s - 64. Determine b(1).
9
Let n(p) = 48313*p + 48309. Determine n(-1).
-4
Let w(b) = b**3 + 21*b**2 + 17*b + 853. Calculate w(-24).
-1283
Let g(y) = 6*y**3 - 4*y**2 - 126*y - 40. What is g(-4)?
16
Let r(p) = -p**2 - 10606*p + 148663. Give r(14).
-17
Let b(h) = h**2 + 238*h - 9555. Give b(-273).
0
Let v(s) = -1357*s + 39118. Give v(29).
-235
Let u(q) = -373*q + 122710. Determine u(329).
-7
Let k(h) = -h**3 - 7*h**2 - 226*h - 847. What is k(-4)?
9
Let y(o) = 216*o**2 - 214*o - 858. Determine y(-4).
3454
Let k(j) = 10504*j - 359. Calculate k(0).
-359
Let t(o) = -o**2 + 14*o + 542. Give t(-18).
-34
Let u(l) = l**3 - 27*l**2 - 758*l + 980. Give u(-18).
44
Let y(m) = m**2 + 6352*m - 31829. Give y(5).
-44
Let r(l) = -334716*l + 334727. Give r(1).
11
Let a(g) = 83*g**2 + 248*g - 1012. Calculate a(4).
1308
Let f(r) = 3*r**3 + 11*r**2 - 12*r - 135. Determine f(-3).
-81
Let z(b) = -2471*b - 13162. What is z(-5)?
-807
Let a(w) = w**3 + 72*w**2 + 301*w + 11335. Determine a(-70).
65
Let s(r) = r**3 - 14*r**2 - 455*r - 836. Determine s(-2).
10
Let x(u) = -15721*u - 15296557. Calculate x(-973).
-24
Let v(s) = -904*s + 17110. Determine v(21).
-1874
Let u(t) = -5982*t + 245094. Calculate u(41).
-168
Let q(w) = -w**3 + 7*w**2 + 228*w + 1808. Calculate q(-8).
944
Let s(l) = -91*l + 122. What is s(7)?
-515
Let m(b) = -22*b**2 - 1330*b - 288. What is m(-60)?
312
Let j(k) = k**3 - 31*k**2 - 633*k - 1342. Determine j(-12).
62
Let b(c) = -c**3 - 87*c**2 + 290*c + 263. What is b(-90)?
-1537
Let l(o) = o**3 + 3*o**2 + 78*o - 206. Calculate l(0).
-206
Let t(b) = -274*b**2 + 1953*b - 3460. Determine t(3).
-67
Let h(p) = -2*p**3 + 10*p**2 - 171*p + 1199. Calculate h(7).
-194
Let j(f) = f**2 - 1254*f + 56757. Determine j(47).
28
Let b(p) = 8*p**3 + 22*p**2 + 64*p + 46. Determine b(-2).
-58
Let g(i) = i**3 - 36*i**2 - 695*i - 718. Determine g(-13).
36
Let f(b) = 77*b**2 + 2885*b + 26985. What is f(-18)?
3
Let k(v) = -707*v - 17920. Give k(-20).
-3780
Let k(o) = 16*o**3 - 13088*o**2 - 201*o + 164440. Calculate k(818).
22
Let b(v) = -2*v**3 + 1144*v**2 - 6009*v + 192208. Determine b(567).
-5
Let y(j) = 2307*j - 200707. Give y(87).
2
Let i(a) = 4499*a - 180013. Give i(40).
-53
Let s(n) = 7*n**3 + 290*n**2 - 136*n - 29. Calculate s(-42).
-1373
Let s(d) = 23*d**2 - 93*d + 34. Calculate s(9).
1060
Let f(d) = -d**3 + d**2 - 51085*d + 255513. Give f(5).
-12
Let u(c) = 15656*c - 1064613. Give u(68).
-5
Let l(d) = -d**3 - 13*d**2 + 89*d + 895. What is l(-7)?
-22
Let s(j) = -j**2 + 6230*j + 4381811. Determine s(-638).
27
Let k(p) = p**2 - 795*p + 68743. What is k(98)?
437
Let p(i) = -8*i**3 - 150*i**2 - 346*i + 109. What is p(-16)?
13
Let l(o) = -o**3 - 7*o**2 + 30*o - 44. What is l(-7)?
-254
Let v(k) = -8174*k + 6720. Determine v(1).
-1454
Let r(d) = -7584*d + 212085. Give r(28).
-267
Let r(v) = -v**3 - 45*v**2 - 464*v - 119. Give r(-27).
-713
Let l(r) = -7663*r + 68948. Calculate l(9).
-19
Let i(y) = -3450*y + 27304. Give i(8).
-296
Let q(u) = -11*u**3 + 19*u**2 - 57*u + 736. Give q(9).
-6257
Let q(r) = 2*r**3 - 6*r**2 - 399*r + 3269. Determine q(8).
717
Let r(h) = -67*h**2 + 5373*h + 39. What is r(80)?
1079
Let a(j) = 11*j**2 + 116*j + 721. What is a(-7)?
448
Let r(y) = -2*y**3 - 231*y**2 - 3897*y - 10. Determine r(-95).
180
Let n(b) = -b**2 - 233*b - 1521. Calculate n(-7).
61
Let m(c) = -c**3 - 32*c**2 - 270*c - 4. Give m(-21).
815
Let c(y) = -2*y**3 - 11*y**2 - 12169*y - 36447. Give c(-3).
15
Let l(x) = -x**2 + 7529*x - 662259. Calculate l(89).
-99
Let m(c) = -c**2 - 2084*c + 111100. What is m(52)?
28
Let w(r) = 5*r**2 - 2813*r - 3. What is w(0)?
-3
Let h(d) = -11*d**3 - 722*d**2 + 273*d + 597. Calculate h(-66).
3
Let a(s) = -s**3 - 17*s**2 - 41*s + 121. Determine a(-9).
-158
Let o(w) = -w**2 + 2859*w - 901806. Determine o(361).
-28
Let l(m) = 3389*m + 2514677. Calculate l(-742).
39
Let k(p) = 2*p**3 - 29*p**2 + 17*p - 42. Determine k(16).
998
Let r(f) = -f**3 - 62*f**2 + 126*f + 639. Determine r(-64).
767
Let l(b) = 1114*b**3 + 3*b**2 + 41*b + 37. Calculate l(-1).
-1115
Let v(p) = -p**3 + 75*p**2 - 83*p + 552. Give v(74).
-114
Let h(t) = -t**3 - 11*t**2 - 529*t - 6489. Give h(-12).
3
Let a(j) = -20*j**3 + 137*j**2 + 4616*j - 32288. What is a(7)?
-123
Let l(p) = p**3 - 64*p**2 - 48*p + 116. What is l(65)?
1221
Let o(h) = -h**2 - 278*h + 362. Give o(-279).
83
Let q(z) = -307*z + 2735. Calculate q(10).
-335
Let m(a) = -84*a - 3794. Calculate m(-9).
-3038
Let d(p) = 3047*p - 167545. Give d(55).
40
Let x(m) = -m**3 - 15*m**2 + 106*m + 803. Determine x(-7).
-331
Let q(h) = 4*h**2 - 4629*h - 524675. Give q(-104).
5
Let p(c) = 111*c - 2648. What is p(14)?
-1094
Let f(h) = 46*h**2 - 388*h + 29. Calculate f(8).
-131
Let i(f) = 9391*f + 65836. Determine i(-7).
99
Let b(s) = 6*s**2 - 228*s - 463. Give b(40).
17
Let a(v) = -5301*v + 159069. Determine a(30).
39
Let f(q) = -190*q**2 + 25464*q - 558. Calculate f(134).
-22
Let v(u) = -2*u**3 + 398*u**2 + 405*u + 455. Give v(200).
1455
Let r(b) = b**2 + 645*b + 103117. Determine r(-291).
103
Let w(m) = -m**3 - 334*m**2 + 7453*m - 1050. Determine w(-355).
-340
Let r(p) = 8266*p + 49576. What is r(-6)?
-20
Let m(g) = 70*g**3 - 559*g**2 + 3*g - 43. What is m(8)?
45
Let z(a) = 1275*a + 17225. Determine z(-14).
-625
Let p(l) = 5*l**3 - 2259*l**2 - 401*l - 23225. What is p(452)?
-173
Let s(h) = -h**3 + 551*h**2 - 3775*h - 17975. Determine s(544).
-23
Let w(i) = -13306*i + 705206. Calculate w(53).
-12
Let k(n) = -5*n**2 - 28195*n - 1784003. Determine k(-64).
-3
Let k(z) = -409*z**2 + 224123*z + 4931. Give k(548).
-1
Let q(i) = 9*i**3 + 227*i**2 + 59*i + 228. Determine q(-25).
3
Let r(h) = -h**3 - 530*h**2 - 3075*h - 2201958. Determine r(-532).
-10
Let t(r) = -51319*r - 257026. Calculate t(-5).
-431
Let v(x) = -22*x**3 + 118*x**2 + 8*x - 4. Determine v(5).
236
Let z(c) = -205*c - 8691. What is z(-43)?
124
Let o(q) = 1372*q**2 - 42*q - 43. Calculate o(-1).
1371
Let d(c) = 214865*c - 429731. What is d(2)?
-1
Let r(l) = -l**3 - 711*l**2 + 13077*l + 797. Determine r(18).
-13
Let f(c) = c**3 + 350*c**2 - 6616*c - 138362. Determine f(-367).
-3
Let t(p) = -120*p**2 + 5279*p - 29. Determine t(44).
-73
Let o(g) = -6*g**3 - 819*g**2 + 399*g - 1634. Give o(-137).
10
Let m(b) = 78441*b - 2823812. Give m(36).
64
Let b(c) = 6*c**3 - 17*c**2 + 149. Give b(8).
2133
Let k(o) = -7*o**3 + 7*o**2 - 10*o - 69. Calculate k(-5).
1031
Let r(o) = -o**3 - 9*o**2 + 62*o - 561. What is r(7)?
-911
Let i(w) = 3005824*w 